e highest common factor of 1107 and m?
41
Suppose 0 = -2*j + 6 - 16, 4*k - 3*j - 15 = 0. Let l be 6/4*(2 - k). Suppose -50 = -l*h - 2*h. What is the greatest common factor of h and 110?
10
Let n be (-24174)/(-144) + 2/16. What is the highest common factor of n and 273?
21
Let g be (-939)/(-9) - 7/((-42)/4). What is the greatest common factor of g and 504?
21
Suppose -3*a + 3*q = 0, 0*a + 15 = a + 4*q. Let v = 71 + -28. Suppose a*m - 227 = v. What is the highest common divisor of 10 and m?
10
Let u be -5 - ((-2 - (-1)/(-1)) + -50). Suppose 6 = 3*a - 0*a. Let l be -2 - a*(-63 + 2). What is the greatest common factor of u and l?
24
Let q be 27180/66 - 4/(-22). Suppose 4*y - y + 249 = -3*p, 4*p + q = -5*y. Let c = 184 + y. Calculate the greatest common factor of 13 and c.
13
Let a(p) = p - p**3 - 7*p**3 + 3*p**3. Let w be a(-1). Suppose w*o + 4*n + 3 = 47, 0 = n - 1. What is the highest common factor of 10 and o?
10
Let o be (-15)/9*(-30)/25. Suppose -m = l - 3, 0 = -5*m + m + o*l + 24. What is the greatest common divisor of 40 and m?
5
Let x(j) = -5*j + 0*j + 0*j - 7*j + 2*j**2 - 14. Let u be x(11). Let s be (-30)/4*u/(-9). What is the highest common divisor of 32 and s?
16
Let l(q) = q**2 - 37*q + 46. Let v be l(36). Calculate the highest common divisor of 190 and v.
10
Let h(o) = o**3 + 2*o**2 + 20*o - 106. Let f be h(7). What is the highest common divisor of f and 76?
19
Let a(g) = -7*g**3 - 2*g**2 - 2*g - 4. Suppose 0 = 3*w + s + 11, -4*s - 22 = w - 0*s. Let k be a(w). What is the greatest common divisor of 16 and k?
16
Let y = 132 + -120. What is the greatest common factor of y and 84?
12
Let i(j) = -2*j**3 - 8*j**2 - 3*j - 9. Let b be i(-6). Let a(v) = -8*v + v + 6*v + 0*v + 9. Let z be a(-8). Calculate the greatest common factor of z and b.
17
Suppose -6*d = -4*d - 24. Let w be d*(-2)/(-4)*3. What is the greatest common factor of 18 and w?
18
Suppose -5 - 94 = -9*l. Let v be -2 + (l - (2 - 5)). What is the highest common divisor of v and 18?
6
Let u be -1*(-5 - 442) + -7. Calculate the highest common divisor of 40 and u.
40
Let v(a) = -a**2 - 6*a + 2. Let h be v(-7). Let s be 80/(-24)*18/h. Calculate the highest common divisor of 18 and s.
6
Suppose 0 = 2*h - 3*r - 23, 2*h + 5*r = -0*h - 17. Suppose -3*q = h*q. Suppose 5*g - 6*g + 22 = q. Calculate the greatest common factor of g and 2.
2
Let j be (152/3)/((-118)/(-885)). What is the highest common factor of 20 and j?
20
Suppose 128*p = 131*p - 57. Calculate the highest common divisor of 304 and p.
19
Let g(o) = -o**2 + 16*o - 21. Let r be g(6). What is the highest common factor of 9 and r?
3
Let i be (-2)/((-45)/(-20) - 2). Let m = 24 + i. What is the greatest common divisor of m and 8?
8
Let l(q) = q**3 - 32*q**2 + 35*q + 129. Let c be l(31). What is the highest common factor of c and 23?
23
Let n = 282 + -141. Let f = n + -76. Calculate the greatest common factor of 13 and f.
13
Let r be 34 + 5/((-5)/2). Suppose 4 = 3*h - 23. Let t = 25 - h. Calculate the greatest common factor of r and t.
16
Let d be 9/(108/(-112))*(-24 - -15). Calculate the highest common factor of d and 18.
6
Let z = 55 - 65. Let n be 2 - 3 - (z + 0 + 3). Calculate the greatest common factor of 21 and n.
3
Suppose 24*i = 5*i + 798. Let s(x) = 9*x + 2. Let n be s(6). Calculate the highest common divisor of i and n.
14
Let a be ((-20)/16)/(24/(-1536)). Calculate the greatest common factor of a and 35.
5
Suppose -5*v - 2*z + z + 10 = 0, 5*v + 4*z - 10 = 0. Suppose -4*l + 2*i + 104 = 0, -2*l - v*i + 52 = -i. What is the greatest common factor of l and 13?
13
Suppose -4*d + 42 = 2*c, 12*d + 37 = 2*c + 15*d. Let b = -404 - -682. Let h = b + -157. What is the highest common factor of c and h?
11
Let b(j) = j**3 + 12*j**2 - 21*j - 314. Let h be b(-10). Calculate the greatest common factor of h and 444.
12
Let k = 125 - 70. Let s = k + 10. What is the highest common factor of s and 26?
13
Let a = -3 + 7. Suppose -6*u = -a*u. Let x be (-2 - u) + (15 - 1). Calculate the highest common factor of x and 60.
12
Let x be (4/(-2))/((-2)/4). Let u(j) = -2*j**3 + 15*j**2 - 3*j - 8. Let w be u(7). Let g be 85/w + 5/(-20). What is the greatest common factor of g and x?
4
Suppose -5*r + 7515 = 2*g, 0 = -3*r - 16*g + 12*g + 4523. What is the greatest common factor of 19 and r?
19
Let g be (-508)/(-6)*(3 - -3). Suppose 2*q + 168 = g. Suppose -3*o + 2*o + q = -i, -5*i + 158 = o. What is the highest common factor of 21 and o?
21
Suppose 31*i - 6*i - 75 = 0. What is the highest common factor of 72 and i?
3
Let v(o) = o**2 - o + 5. Let a be v(4). Let b(c) = 3*c - 7. Let x be b(a). Calculate the greatest common factor of x and 396.
44
Let v = -853 + 335. Let b be v/(-16) - 18/48. Calculate the greatest common factor of b and 64.
32
Suppose -341 = 11*z + 33. Let a = 151 + z. What is the highest common divisor of a and 13?
13
Suppose -20*s - 314 = 1426. Suppose 5*o = 5*x - 15, 5*x = o + 3*o + 16. Let y be 2/x + s/(-6). Calculate the highest common factor of 10 and y.
5
Suppose 10 = z + 5*p - p, -70 = -4*z - p. Suppose 3231 = 6*q + 381. Let d = q - 277. What is the greatest common divisor of z and d?
18
Let f = -316 - -348. Calculate the greatest common factor of f and 1312.
32
Let r be 2222/12 - (91/42)/13. Calculate the highest common factor of r and 37.
37
Suppose 2*b - 16 = b. Suppose -2*v - 4*a + 16 = -0*v, b = -2*v + 4*a. Suppose 3*j - 18 - 54 = v. Calculate the highest common divisor of j and 8.
8
Suppose 4*s - 3*p - 991 = 0, 0 = 2*s - 0*p + 4*p - 512. What is the highest common divisor of s and 10?
10
Suppose -5*r = o + 4 + 24, 0 = -3*o + 4*r - 46. Let y be ((-6)/o)/((-3)/(-90)). Calculate the greatest common factor of 50 and y.
10
Let u = 655 - 347. Calculate the highest common factor of 77 and u.
77
Let k(a) = a**3 - 6*a**2 - 6*a - 4. Let b be k(7). Suppose -14*h = -15*h + b. Calculate the greatest common divisor of 21 and h.
3
Suppose 11*a - 2691 + 227 = 0. Suppose -a - 91 = -y. Let s = 81 + -46. Calculate the greatest common factor of s and y.
35
Let m = -595 - -599. Suppose -w = f + 2, 3*w + 4*f + 10 = -0*f. What is the greatest common factor of w and m?
2
Let w(z) = -z**2 + 3*z + 10. Let p be w(5). Suppose -d = -p*d + 13. Let k = 45 + d. What is the greatest common factor of 80 and k?
16
Suppose 3*g - h - 163 = 0, 3*h + 153 = 3*g - 0*h. Calculate the greatest common factor of 7 and g.
7
Suppose 21*n = 24*n - 126. Let x be 9*(n/9 - 2). Calculate the greatest common divisor of x and 120.
24
Suppose -2*w + 4*w = 0. Suppose 4*b = -2*z - 2, w*b - 5*b = 25. Let o be (-2)/(-3)*z + -3. What is the greatest common factor of o and 6?
3
Suppose 0*q = 2*q - 42. Let z(p) = -p**3 + 30*p**2 + 5*p - 87. Let u be z(30). What is the greatest common factor of q and u?
21
Let g = -68 - -66. Let s be (-515)/(-30) - g/(-12). Calculate the highest common divisor of s and 34.
17
Let x(t) = 9*t - 436. Let s be x(56). What is the highest common divisor of 340 and s?
68
Let k(b) = -b**3 + 2*b**2 - 2*b + 3. Let u be k(-3). Let l(d) = 21*d**2 - 5*d + 7. Let m be l(2). What is the highest common factor of m and u?
27
Let l(o) = -o + 19. Let k be l(13). Let r = k - 5. What is the highest common factor of r and 10?
1
Suppose -3 - 13 = -4*t. Suppose -2*r + t*d + 10 = -2, -3*d = r + 4. Let p be 18/6*(-20)/(-6). Calculate the highest common factor of p and r.
2
Suppose -4*a - 4 = 0, -1 + 67 = 4*h - 2*a. Let d = 988 - 956. Calculate the greatest common divisor of h and d.
16
Let v(z) = -11*z - 158. Let t be v(-18). What is the highest common divisor of t and 50?
10
Suppose k - 4 = 68. Let w(b) = -b**3 - 11*b**2 - 11*b - 6. Let y be w(-10). Suppose 0 = 2*o - y*o + 16. What is the highest common divisor of o and k?
8
Let w = -584 + 589. What is the greatest common factor of 23 and w?
1
Let d(o) = 8*o**2 + 38*o - 124. Let f be d(3). What is the highest common factor of 6 and f?
2
Let i = -8 + 16. Suppose 3 = y - 2*x + 1, -5*y - 4*x - 4 = 0. Suppose p + y*p - 2 = 0. What is the highest common divisor of i and p?
2
Let u = -679 - -763. Calculate the greatest common divisor of 21 and u.
21
Let z(k) = -63*k**3 - 4 + 21*k**3 + 14*k**3 + 13*k**3 + 3*k + 14*k**3. Suppose l + 1 = -2. Let a be z(l). What is the greatest common factor of a and 2?
2
Let o be 4/(-7)*7/(-2). Suppo